hat is the remainder when 2144 is divided by 261/6*140/210?
27
Suppose 2*q - 74 = -4*h, -95*q + 4*h = -100*q + 143. What is the remainder when 242 is divided by q?
12
Let a(r) = 130*r + 355. What is the remainder when a(2) is divided by 120?
15
Suppose -56*f + 25393 = 13*f - 2*f. What is the remainder when f is divided by 63?
1
Suppose 150*j - 165*j = -40290. What is the remainder when j is divided by 168?
166
Let i = -8 + 15. Let w(k) be the second derivative of -k**3 - 20*k**2 + 122*k + 2. What is the remainder when i is divided by w(-7)?
1
Suppose 0 = -4*g + 139*i - 141*i + 4160, 3*i + 2072 = 2*g. Calculate the remainder when g is divided by 1026.
13
Suppose 72*x + 5793 = -42*x + 20841. Calculate the remainder when x is divided by 127.
5
Suppose -20*t + 2112 = -928. Suppose -5*d + 124 = 14*o - 17*o, 0 = -6*d + 2*o + t. What is the remainder when 92 is divided by d?
14
Suppose 6 - 2 = i, -3*i + 22 = 2*l. Suppose -m = -c - 25, l*m - 7*c - 120 = -3*c. Suppose -18*p + m*p - 38 = 0. Calculate the remainder when p is divided by 5.
4
Let i(b) be the first derivative of -b**3/3 + 3*b - 33. Let h be i(-6). Let m = h + 43. Calculate the remainder when 28 is divided by m.
8
Suppose -5*w + 38 = -193*s + 191*s, -5*s + 20 = -w. What is the remainder when 2599 is divided by w?
9
Let i = -412 + 680. Let c(g) = -3*g**2 - 100*g + 1. Calculate the remainder when i is divided by c(-33).
30
Suppose 123*r + 6*r = -100*r + 270907. Calculate the remainder when r is divided by 37.
36
Let v = 19 - 9. Calculate the remainder when ((-10)/(-6))/(140/21756) is divided by v.
9
Suppose 18*x - 8*x - 150 = 0. Suppose 3*z - 3*f + 6*f + x = 0, 2*z + f + 15 = 0. What is the remainder when (-1238)/z + (-8)/(-40) is divided by 25?
24
Suppose 2*n + f - 31 = 0, 118 = 5*n - 828*f + 826*f. Suppose -2*b + 79 = -5*w, -3*w = -0*b + 3*b - 108. What is the remainder when b is divided by n?
17
Let j = -14 - -23. Suppose 3*p + 2*s = 118 + 1, -2*p = -4*s - 106. Calculate the remainder when p is divided by j.
7
Suppose 0 = -21*w + 4224 - 3951. Calculate the remainder when 11959 is divided by w.
12
Suppose 6*b - 4*b - 102 = 0. Let a = -48 + b. Suppose -s - l = -2*l - 75, -4*l = -a*s + 222. Calculate the remainder when s is divided by 21.
15
Let v(z) = -z**2 - 48*z - 43. Suppose 135 = 5*i + y, 3*y + 69 = 3*i + 6*y. What is the remainder when i is divided by v(-47)?
0
Let i = -1 + -1. Suppose -3*j + 22 = -65. What is the remainder when j is divided by (-1 + 3)/(i/(-8))?
5
Let z = 392 - 878. Let u = z + 505. What is the remainder when 111 is divided by u?
16
Let i be 855/6*(1 + 2 + -7). What is the remainder when 12/(-20) - 1*726/(-10) is divided by (16/(-20))/(12/i)?
34
Let q = 1125 - 1119. Calculate the remainder when 40 is divided by q.
4
Let a = -566 - -352. Let y = 250 + a. Calculate the remainder when y is divided by 28.
8
Suppose 111 + 159 = 4*w - p, 5*w = -p + 324. What is the remainder when 295 is divided by w?
31
Suppose 2*w = 4*c - 210, -c + 14*w = 9*w - 39. Suppose c*d - 1701 = 27*d. What is the remainder when d is divided by ((-8)/(-5))/(2/20)?
15
Suppose -1130 = -3*f - 5*w, -w + 707 = 3*f - 431. Calculate the remainder when f is divided by 380.
0
Suppose -353 = 5*h - 4*v, 211 = -2*h - h + 2*v. Let m = -97 - h. Let z = m - -44. What is the remainder when 93 is divided by z?
13
Let j = 4747 - 4742. What is the remainder when 563 is divided by j?
3
Let s be ((-6 + 6)/5)/(-1). Calculate the remainder when s + 2/(-2) + 5673/61 is divided by 3.
2
Let w(g) = -3*g**3 - 10*g**2 - 10*g - 22. Let l be w(-4). Let f = 146 - l. Calculate the remainder when 381 is divided by f.
93
Suppose -5*p = 96 - 111. Suppose p*i - 118 = -0*r - 5*r, 14 = r + 3*i. Let n = -27 + 78. Calculate the remainder when n is divided by r.
25
Suppose 4*h = z + 37373, -46730 = -5*h + 107*z - 103*z. What is the remainder when h is divided by 22?
14
Let f(b) = -48*b - 2811. Calculate the remainder when f(-77) is divided by 46.
11
Let r = -7380 - -7581. What is the remainder when r is divided by 88?
25
Let z(x) = 66*x**2 - 2*x + 13. What is the remainder when z(2) is divided by -2 - -2 - (-4 + -2)*2?
9
Let j(f) = -f**2 + 9*f - 12. Calculate the remainder when ((-5)/(20/(-104)) - -2) + 0 is divided by j(6).
4
Let s(o) = 10*o - 22. Let c = -41 + 46. Suppose -5*b - 7*z + 2*z = -55, c*z = -3*b + 37. What is the remainder when s(b) is divided by 24?
20
Suppose 15*x - 2806 = -2146. What is the remainder when 2243 is divided by x?
43
Let g = -202 + 217. Suppose -4*t + 5*q - g + 4 = 0, 12 = 4*q. What is the remainder when 2/(-3 - -1) + 4 is divided by t?
0
Suppose -2*x + 4*s - 7*s = -1089, -5*s = 35. What is the remainder when x is divided by 275?
5
Let b(y) = -y - 5. Let m be b(-16). Let w = m + -8. Calculate the remainder when 118 is divided by (-18)/(-2) - -3 - (5 - w).
8
Let w(m) = -10*m**2 - 131*m + 40. What is the remainder when 146 is divided by w(-13)?
40
Let j = -16 + 15. Let c(v) = -20*v**3 + 16*v**2 + v**3 - 16*v**2 - 2 - 2*v. Calculate the remainder when 53 is divided by c(j).
15
Let r(x) = x**2 + 3*x - 5. Calculate the remainder when 1394/164*(-3 + 17 + -2 + 4) is divided by r(4).
21
Let t = -283 - -283. Suppose a - 2*w + 2 - 22 = t, -2*a + 8 = 4*w. What is the remainder when a is divided by 4?
0
Calculate the remainder when 366 is divided by (3/(-9))/((-1)/6) + (-57 - -80).
16
Suppose 3*x - 22 = -2*m, -46*x - 2*m = -51*x + 26. Calculate the remainder when 103 is divided by x.
1
Let y be (6/4)/((-1)/14). Suppose -99 = 6*t - 3*t. Let g = y - t. Calculate the remainder when 28 is divided by g.
4
Let x(t) = -2*t**2 + 14*t - 20. Let m be x(3). Let f = m + 11. Calculate the remainder when 1287 is divided by f.
12
Let c = 5276 - 4094. Calculate the remainder when c is divided by 35.
27
Let k(v) = -v**3 - 6*v**2 + 2*v - 17. Let d be 154 - ((6 - 3) + -2). Let h = d - 65. Calculate the remainder when h is divided by k(-7).
16
Let y = -97 - -99. Let j(o) = 12*o**y - 6 - 1 - 7*o**2 + 0. Calculate the remainder when 32 is divided by j(-2).
6
Suppose 4*u - 207 = 4*d + d, 110 = 2*u + 4*d. Let f = u + -58. Calculate the remainder when 49 is divided by ((-56)/(-10) + -4)*f/(-2).
1
Let y = 43891 - 43823. What is the remainder when 495 is divided by y?
19
Suppose -15 + 3 = 4*u. Let v(t) = -29*t - 9. Suppose 172 = 5*p + 37. What is the remainder when v(u) is divided by p?
24
What is the remainder when -837*7*20/(-420) is divided by 58?
47
Let n(p) = 3*p**3 - 2*p - 6. Let w(h) = -4*h**3 - h**2 + 2*h + 5. Let z(f) = -3*n(f) - 2*w(f). Calculate the remainder when z(-4) is divided by 26.
18
Let s = -22 + 40. Let c(x) = 3*x**2 - 51*x - 25. Calculate the remainder when 48 is divided by c(s).
19
Let b be (-8)/12 + (-2)/(-3). Suppose b = 3*t - 20*t + 595. What is the remainder when 276 is divided by t?
31
Let p be (49/(-98))/((-2)/356). Suppose p*j = 42*j + 9494. Calculate the remainder when j is divided by 71.
60
Suppose -2*p + 26 = 24. Let g be (-9)/p*((-4)/3)/(-1). Let w(u) = -u**3 - 11*u**2 + 9*u - 13. Calculate the remainder when 43 is divided by w(g).
20
Suppose -2 - 1 = -l. Suppose 8*i + c - 155 = l*i, 5*c = 3*i - 65. Calculate the remainder when 44 is divided by i.
14
Suppose 47*h = 52*h + 5. Calculate the remainder when 108 is divided by (-5829)/(-203) - h/((-7)/(-2)).
21
Let d(q) = 5*q**3 - 3*q**2 - 15*q - 56. Calculate the remainder when d(7) is divided by 176.
175
Suppose 70*s - 798 = 68*s. What is the remainder when s is divided by 6?
3
Let g = 7338 + -7290. What is the remainder when 833 is divided by g?
17
Let d(o) = -113*o - 10430. What is the remainder when 2292 is divided by d(-99)?
21
Suppose -23*r + 25*r = 14. Suppose -39 = 6*c - 213. Calculate the remainder when c is divided by r.
1
Suppose 16 = -5*a - 659. Let z = 163 + a. Calculate the remainder when 53 is divided by z.
25
Suppose -14*w + 81 = 25. Suppose 0*b - 15 = -3*b - 3*l, -4*b + w*l = -44. What is the remainder when 39 is divided by b?
7
Suppose -5*z + 303 + 757 = -d, -2*d = 10. Let a(l) = 35*l**2 + 523*l + 23. Calculate the remainder when z is divided by a(-15).
52
Let u(f) = f + 58. Let t be u(0). Let d = t + -44. Calculate the remainder when (1 + 8)/3 - -38 is divided by d.
13
Let z(j) = 2*j**3 + 12*j**2 - 22*j - 104. What is the remainder when 84 is divided b